- 285 = 3*v. Suppose q + 4*q = b. Calculate the remainder when 54 is divided by q.
12
Let z(l) = -l**3 + 12*l**2 + l - 11. Let d(c) = -c**2 + 6*c + 4. Let f be d(4). Let n be z(f). Calculate the remainder when 34 is divided by n + 0 - (-19 + 2).
16
Let u(v) be the second derivative of 13*v**3/2 - 2*v**2 - v. Suppose -4*t + t = -b - 89, -2*t + 54 = 2*b. Calculate the remainder when u(3) is divided by t.
26
Let m = 95 - 0. Suppose 2*l - 15 = -l. Suppose l*f + m = 10*f. What is the remainder when 33 is divided by f?
14
Suppose o = -3*d - 52, 3*d + 48 = -o + 4*o. Let t = -2 - d. Calculate the remainder when 29 is divided by t.
14
Let i = 5 + 60. What is the remainder when i is divided by 26?
13
Let c(g) = 52*g + 443. What is the remainder when 117 is divided by c(-8)?
9
Let w be 258*-1*(-2)/6. Suppose 4*v = w + 46. Suppose -5*z + 56 = -3*a + 2*a, -2*z = 5*a - 44. What is the remainder when v is divided by z?
9
Let v = -154 + 170. Calculate the remainder when 42 is divided by 392/32 - 4/v.
6
Suppose v = -2*d + 5*v - 6, 0 = d - 4*v + 11. Calculate the remainder when d is divided by 5.
0
Suppose -1149 = -4*y + 123. Calculate the remainder when y is divided by 54.
48
Let a be (-1)/(1 - 6/5). Suppose -152 = m - a*m. Calculate the remainder when m is divided by (150/(-36))/((-2)/6) - (-1)/2.
12
Suppose -2*z = 2*f - 16, 6 = 4*f - 6. What is the remainder when 34 is divided by ((-8)/z)/((-6)/75)?
14
Suppose -5*y + 9 = 3*m - 21, -2*y - 4*m = -26. Suppose -422 + 11 = -y*h. Suppose -19*c + 497 = -4 - 164. What is the remainder when h is divided by c?
32
Let o = -280 - -133. What is the remainder when 59 is divided by o/(-12) - (-4)/(-16)?
11
Suppose b - 4*b + 5*k = -46, -2*b = -3*k - 30. Suppose 5*i = -3*l - 0*i - 33, 9 = l - 5*i. Let j = 53 + l. Calculate the remainder when j is divided by b.
11
Let a be 4 + (-5)/(-5) + 160. Suppose -4*h = -4*u - 188 + 56, 0 = -5*h - 2*u + a. What is the remainder when 131 is divided by h?
32
Suppose 3*c - 8*c - 85 = 0. Let g = c - -118. Suppose 0*z + g = 2*z - 5*f, -2*f = -4*z + 210. What is the remainder when z is divided by 28?
25
Let w(t) = -12*t + 3. Let r = -109 + 99. What is the remainder when w(r) is divided by 31?
30
Let d(t) = 11*t - 4. Let j be d(4). Suppose -l + 17 = -j. What is the remainder when l is divided by 9?
3
Let c(r) = 7*r + 122. What is the remainder when c(-10) is divided by 3?
1
Let l(t) = 5*t - 7. Let k be l(3). Let d be (-1)/(-2 + 14/k). Calculate the remainder when 113 is divided by (174/15)/(d/10).
26
Suppose 0*r + 125 = r - f, -4*r + 500 = -2*f. Let m be 18/(-12) - r/(-2). What is the remainder when m + (1 - (2 + 2)) is divided by 10?
8
Let z(v) = -v**3 - 5*v**2 + 3*v + 6. Let h(a) = -3*a. Let g be h(2). Calculate the remainder when 45 is divided by z(g).
21
Let z(q) be the first derivative of 3*q**2/2 + 3*q - 9. Let c be z(-3). Calculate the remainder when 75 is divided by 2 + 25 - c/(-6).
23
Let o(x) = x**3 + 6*x**2 + 7*x + 30. Calculate the remainder when 72 is divided by o(-5).
12
Let c be (1589/14)/((-2)/(-24)*6). Let m be (-2 - -25 - -1)*10. Suppose 5*k = -5*x + m, 3*k + 87 = -4*x + c. What is the remainder when k is divided by 18?
16
Let q(s) be the third derivative of 5*s**4/24 + 11*s**3/6 + 27*s**2. Calculate the remainder when q(8) is divided by 18.
15
Let p be ((2 - 2)/(-1))/(-2). Suppose p = m - 1 - 3. Suppose 4*i + 5*r - 59 + 15 = 0, 4 = -2*i + m*r. What is the remainder when 11 is divided by i?
5
What is the remainder when (10 + 14)*-4*6/(-12) is divided by 39?
9
Suppose -2*w = -6*w + 3*d + 732, 20 = -5*d. Suppose 6*a = -4*a + w. What is the remainder when 64 is divided by a?
10
Suppose 3*u = 4*g - 382, 2*g + u - 5*u - 196 = 0. Calculate the remainder when g is divided by 51.
43
What is the remainder when 22119/73 + 1*-7 is divided by 33?
32
Let n = 152 - -4. Suppose -2*p = -q + 55 - n, -5*p = 4*q - 259. What is the remainder when 199 is divided by p?
46
Let u be (-24)/9*(-8 - -2). Suppose -5*l + 223 = d, 2*d + 66 = 2*l - u. Calculate the remainder when l is divided by (2 - (-2)/(-3))*12.
12
Suppose 1 = -4*i + 9. Let w be i/(-13) + 41/13. Suppose 3*p - 31 = -q, -w*p = 3*q - 0*q - 39. Calculate the remainder when 33 is divided by p.
6
Let x(d) = d**2 + 9*d + 3. Let q be x(-9). Let p be -1 + 0 + q - -4. Suppose 9*b - 21 = p*b. Calculate the remainder when 26 is divided by b.
5
Calculate the remainder when 60 - 6 - (1 - 6) is divided by 13.
7
Let z = 103 - 68. Calculate the remainder when z is divided by 2/(2/20 - ((-6 - -11) + -5)).
15
Suppose m - 80 = -4*c, 0*c = c + 2*m - 13. Calculate the remainder when 23 is divided by c.
2
Let k(j) = -2*j - 1. Let y be k(-3). Suppose y*p = -3 + 18. Suppose -2*f = -5*h + 54, p*f - 7 = -3*h + 38. What is the remainder when h is divided by 5?
2
Let h = -583 + 600. Let c = -3 - -8. What is the remainder when h is divided by c?
2
Let h = 168 + -123. What is the remainder when 403 is divided by h?
43
Suppose -9*k + 6 = -7*k. Suppose 0 = 8*u - k*u. Suppose 3*c - 5*z - 55 = u, -3*c + 5*z + 105 = 2*c. What is the remainder when c is divided by 13?
12
Suppose 2*x - 24 = -x. Calculate the remainder when x + -1 + (15 - 12) is divided by 2.
0
Let p = -285 - -295. Calculate the remainder when (3/2)/((-3)/(-116)) is divided by p.
8
Let g = 66 + -40. Suppose 4*x + 7 = 5*x + 3*h, -x + 11 = -h. What is the remainder when g is divided by x?
6
Suppose 0 = 8*b - 694 - 378. Calculate the remainder when b is divided by 46.
42
Suppose 7 = 2*q - 2*c - 9, c = 2*q - 20. Let m = 2636 + -2579. What is the remainder when m is divided by q?
9
Suppose 2 = 2*a - 2*v - 4, -a + 3 = -3*v. Suppose b + a*m = 8 - 0, 0 = -4*b - 2*m + 72. What is the remainder when b is divided by 7?
6
What is the remainder when 11 - (8 - (8 + 6)) is divided by 17/3 + (-2)/(-6)?
5
Let t = 100 - 138. Let m = 121 + t. Let g(c) = -4*c - 6. What is the remainder when m is divided by g(-5)?
13
Let i = -66 - -97. Let o = 29 - 18. Suppose -v - o = -23. What is the remainder when i is divided by v?
7
Let g(k) = -k**2 - 5*k - 1. Let f be g(-3). Suppose -f*d + 17 = -13. Suppose -361 = -d*y + 65. Calculate the remainder when y is divided by 36.
35
Suppose 132*t = 107*t + 425. What is the remainder when t is divided by 10?
7
Let n(l) = -2*l + 6. Let u be n(-5). Suppose -15 = -u*j + 11*j. Suppose 5*m + 2*h = 155, -m - 4*h + 52 = j. What is the remainder when m is divided by 8?
5
Let c(o) = -189*o - 3. Let r be c(-8). Suppose -16*y + 763 = -r. What is the remainder when y is divided by 72?
70
Suppose -23 = -v + 11. Suppose -19 = -2*x - 3*z, 3*z - v = -3*x + 4*z. Let r = -14 + 55. Calculate the remainder when r is divided by x.
8
What is the remainder when 160/48*171/15*4 is divided by 22?
20
Calculate the remainder when 2/(8/(-106))*(-144)/12 is divided by 80.
78
Suppose 9 = 5*x + 2*r, 0 = 4*x - r - 2*r - 21. Suppose 4*a + 20 = 0, -6*c + a + 119 = -x*c. Let b = 2 - -11. What is the remainder when c is divided by b?
12
Suppose -65*w + 803 = 11*w - 3*w. Suppose -r = -5*q + 97, 2*q - 42 = r - 2. Calculate the remainder when q is divided by w.
8
Let c(b) = -6 + 23*b - 42*b + 43*b. Let p = -10 - -14. What is the remainder when c(p) is divided by 23?
21
Let l(f) = f**2 - 33*f + 18. Calculate the remainder when 346 is divided by l(35).
82
Suppose -3*n - u + 172 = 0, -63 = -3*n - 3*u + 99. Let t = 24 - n. Let v = -2 - t. Calculate the remainder when v is divided by 17.
16
Let r be (-14)/3 + 2/3. What is the remainder when 33 is divided by (-54)/(-8) + (-1)/r?
5
Let z(m) = -7*m - 21. Let o(j) = 33*j**2 + 11*j + 9. Calculate the remainder when z(-16) is divided by o(-1).
29
What is the remainder when 98 is divided by 10 + (9/6)/(2/8)?
2
Suppose 18*n - 198 - 216 = 0. What is the remainder when 296 is divided by n?
20
Let l(b) = 10*b - 26. Let f be l(9). Suppose 0 = 3*q - 4*q + f. Calculate the remainder when q is divided by 17.
13
Calculate the remainder when 102 is divided by 7 - 520/72 - (-164)/9.
12
Let z(v) = v**2 + 6. Let c be -1 + (-1 - 0 - -9). Let j(y) = -y + 9. What is the remainder when z(c) is divided by j(-5)?
13
Let j(x) be the second derivative of 3*x**4/4 + x**2/2 + 29*x. What is the remainder when j(3) is divided by 17?
14
Suppose -45 + 136 = -13*j. Let g(x) = -4*x + 20. What is the remainder when g(j) is